3*s**3 - 1594*s - 4747. Give t(-3).
-46
Let m(a) = 3023*a**2 + 18137*a. Determine m(-6).
6
Let v(i) = 2924*i - 13722. What is v(7)?
6746
Let g(h) = 1766*h - 13830. Give g(8).
298
Let y(s) = 6298*s + 3161540. Calculate y(-502).
-56
Let z(q) = -q**3 + 46*q**2 - 137*q - 6349. Calculate z(38).
-3
Let v(z) = -164*z**2 - 759*z - 406. Determine v(-4).
6
Let u(v) = 2*v**2 + 19*v - 13204. What is u(-87)?
281
Let i(a) = -a**2 + 748*a + 38006. What is i(-48)?
-202
Let g(x) = 6*x**3 + 11*x**2 + 5*x + 62. Give g(7).
2694
Let j(l) = 2*l**3 - 463*l**2 + 7879*l + 424. Calculate j(213).
-2
Let r(m) = 622*m**2 + 273658*m - 9689. Give r(-440).
-9
Let y(d) = 97*d**2 - 661*d - 1328. Give y(-2).
382
Let u(h) = 67*h**2 + 576*h - 199. Determine u(-6).
-1243
Let r(c) = -c**3 - 6*c**2 + 46*c - 576. What is r(-13)?
9
Let f(k) = -139*k**2 + 7652*k - 381. Determine f(55).
4
Let s(l) = 254*l**2 + 61986*l + 2453. Determine s(-244).
13
Let v(t) = -t**2 + 8*t + 292. Determine v(-18).
-176
Let v(s) = -7*s**3 + 37*s**2 - 127*s + 68. Give v(3).
-169
Let s(y) = -y**3 + 94*y**2 + 102*y + 76. Calculate s(95).
741
Let g(j) = 16523*j - 82597. What is g(5)?
18
Let w(q) = 17*q**2 - 1800*q - 137. Determine w(106).
75
Let x(q) = q**3 + 64*q**2 + 346*q - 2950. What is x(-57)?
71
Let v(h) = 2628*h + 241858. What is v(-92)?
82
Let v(p) = -9966*p + 12. Determine v(0).
12
Let b(w) = -180*w + 15151. Determine b(81).
571
Let c(t) = 581*t - 51325. What is c(87)?
-778
Let v(x) = x**3 - 33*x**2 + 166*x - 25. Calculate v(6).
-1
Let t(s) = 86*s - 28863. Calculate t(338).
205
Let c(x) = -23430*x - 445197. Calculate c(-19).
-27
Let v(o) = -1147*o - 106704. Calculate v(-93).
-33
Let q(p) = -6*p**3 - 457*p**2 - 82*p + 179. Calculate q(-76).
635
Let r(o) = o**2 - 147*o - 19552. Determine r(233).
486
Let r(z) = 3*z**3 + 786*z**2 + 7*z + 1846. What is r(-262)?
12
Let c(y) = 14196*y - 56537. Give c(4).
247
Let t(b) = 127*b + 1371. Determine t(-11).
-26
Let h(c) = 7*c**2 - 797*c - 27886. What is h(-32)?
4786
Let i(s) = 3761*s + 440044. Determine i(-117).
7
Let j(n) = 19*n**2 - 5809*n + 34883. What is j(6)?
713
Let a(s) = -7*s**2 + 201*s - 1076. What is a(21)?
58
Let b(c) = c**3 - 397*c**2 + 18280*c - 7257167. What is b(397)?
-7
Let y(k) = 1948*k + 136362. Calculate y(-70).
2
Let z(f) = -4889*f + 1310237. What is z(268)?
-15
Let s(n) = n**2 + 3177*n - 128684. Calculate s(40).
-4
Let x(n) = 19*n**2 + 5718*n - 176. What is x(-301)?
125
Let t(h) = -116*h**2 + 23*h - 66. Determine t(3).
-1041
Let o(j) = 3*j**3 - 62*j**2 - 1977*j + 54. Give o(38).
16
Let n(f) = 13*f + 368. Determine n(-80).
-672
Let o(t) = 328*t + 2633. Determine o(-8).
9
Let g(u) = 8*u**3 - 927*u**2 - 69*u - 5443. Determine g(116).
9
Let l(w) = -1647*w + 1357. Determine l(1).
-290
Let v(c) = 25732*c - 257081. Determine v(10).
239
Let n(t) = 2*t**2 - 260*t - 846. Give n(131).
-584
Let l(s) = 69*s**2 - 503*s + 618. Give l(6).
84
Let q(b) = -b**3 + 36*b**2 - 265*b - 431. What is q(24)?
121
Let d(s) = 8792*s - 37678. Give d(4).
-2510
Let j(c) = 2*c**2 + 134*c - 450. Give j(-72).
270
Let u(p) = 4726*p + 42551. Determine u(-9).
17
Let j(r) = -r**3 - 78*r**2 - 102*r - 230. Give j(-77).
1695
Let a(p) = p**2 - 11835*p - 71019. Give a(-6).
27
Let b(t) = 8731*t + 50095. Determine b(-6).
-2291
Let s(w) = 1088*w**2 - 2315*w. What is s(2)?
-278
Let p(n) = -n**3 - 47*n**2 + 316*n - 60. Give p(-53).
46
Let z(k) = k**3 + 255*k**2 - 6711*k - 4181. Give z(-279).
4
Let w(d) = 3864473*d + 10. Calculate w(0).
10
Let j(s) = 3*s**3 + 14*s**2 - 73*s + 304. Determine j(6).
1018
Let x(h) = -2*h**3 + 380*h**2 - 17867*h + 1745. What is x(105)?
-40
Let w(i) = 3049*i - 984712. What is w(323)?
115
Let p(o) = -o**3 + 7*o**2 + 661*o - 3353. What is p(5)?
2
Let m(q) = -q**2 + 576*q + 552130. What is m(1085)?
-135
Let m(v) = v**3 - 32*v**2 + 47*v + 307. What is m(30)?
-83
Let m(f) = 7*f**2 + 205*f - 1294. Determine m(5).
-94
Let b(k) = 5*k**2 + 5412*k - 27197. Give b(5).
-12
Let y(p) = -p**2 + 160*p + 977. Determine y(166).
-19
Let z(a) = 8*a**3 + 1638*a**2 - 72*a + 69282. What is z(-205)?
-8
Let l(m) = 153022*m - 3213464. Determine l(21).
-2
Let z(h) = h**2 - 318*h - 6549. What is z(-18)?
-501
Let g(v) = -2721617*v - 19051325. What is g(-7)?
-6
Let p(v) = -157*v - 6202. Determine p(-47).
1177
Let r(t) = -73455*t - 440823. Calculate r(-6).
-93
Let j(f) = -60*f - 5843. Calculate j(-115).
1057
Let l(c) = -6*c**2 - 39*c - 154. Calculate l(-12).
-550
Let a(h) = -9*h**3 - 1144*h**2 - 130*h - 283. What is a(-127)?
98
Let m(s) = 2*s**3 - 70*s**2 + 608*s + 102. Determine m(18).
30
Let v(i) = i**3 + 31*i**2 + 21*i + 75. Calculate v(-11).
2264
Let l(r) = 3*r**3 + 6*r**2 - 52*r - 159. Calculate l(-3).
-30
Let r(t) = 170*t + 161. Give r(-4).
-519
Let g(w) = w**2 + 56*w - 1488. Give g(-78).
228
Let n(y) = -153099*y - 765493. Determine n(-5).
2
Let r(v) = 10609*v + 307667. What is r(-29)?
6
Let p(l) = -4039*l - 739. Calculate p(0).
-739
Let x(j) = 2*j**3 + 98*j**2 - 289*j + 1049. Calculate x(-52).
-147
Let y(l) = 2*l**3 - 77*l**2 - 37*l - 107. What is y(39)?
-29
Let f(b) = b**3 + 30*b**2 + 39*b - 29. Calculate f(-27).
1105
Let m(u) = 11*u**3 - 166*u**2 + 8*u + 223. Determine m(15).
118
Let s(w) = w**3 - 28*w**2 - 552*w + 8116. What is s(37)?
13
Let l(u) = u**3 - 221*u**2 + 3661*u - 1772. Give l(203).
-351
Let p(b) = b**3 - 258*b**2 - 1304*b - 2494. Determine p(263).
399
Let d(n) = 147028*n - 4851944. What is d(33)?
-20
Let w(z) = 2*z**2 - 241*z + 7890. Calculate w(29).
2583
Let h(s) = -89*s**2 - 1039*s + 1036. What is h(1)?
-92
Let z(x) = -1048529*x + 1048530. Calculate z(1).
1
Let x(d) = 8*d**3 + 2832*d**2 + 24839*d - 340. Give x(-345).
5
Let a(r) = r**2 + 5*r - 1127. Give a(31).
-11
Let m(o) = 6821*o - 13633. Give m(2).
9
Let w(b) = -9*b**2 - 5797*b - 34458. Determine w(-6).
0
Let y(a) = -115*a**2 + 777*a + 7. Determine y(7).
-189
Let k(h) = -5961*h**2 - 3820*h - 3816. What is k(-1)?
-5957
Let o(l) = -l**2 - 403*l + 7587. Give o(18).
9
Let r(y) = 26531*y + 769394. Determine r(-29).
-5
Let k(p) = 96*p**2 - 3647*p + 6909. Give k(2).
-1
Let j(w) = -657*w + 1968. Give j(3).
-3
Let s(h) = h**2 + 6291*h - 183287. Give s(29).
-7
Let k(o) = -963*o**3 + 3*o**2 - 95*o + 92. What is k(1)?
-963
Let t(n) = -4*n**3 + 69*n**2 + 28*n - 166. Calculate t(18).
-634
Let m(p) = -2*p**3 + 315*p**2 + 465*p - 592. Calculate m(159).
-2500
Let d(b) = -2*b**2 - 138*b + 1038. What is d(7)?
-26
Let x(p) = -132351*p - 794105. Give x(-6).
1
Let g(m) = 1473*m + 7347. Calculate g(-5).
-18
Let p(t) = 3*t**2 - 328*t + 1944. Give p(104).
280
Let x(s) = -9*s**2 - 12263*s - 109654. Determine x(-9).
-16
Let a(b) = b**2 - 71*b - 2337. Determine a(95).
-57
Let x(n) = -14*n**3 + 4242*n**2 + 4*n - 1038. Give x(303).
174
Let v(r) = 22727*r + 409142. What is v(-18)?
56
Let w(r) = -r**3 + 2646*r**2 + 21228*r - 9. What is w(-8)?
23
Let r(j) = 76196*j - 457179. Give r(6).
-3
Let p(y) = -175*y**2 + 26408*y + 2500. Calculate p(151).
-67
Let b(s) = 32*s**2 - 103*s + 172. What is b(3)?
151
Let f(n) = n**3 + 132*n**2 - 163*n - 4029. Give f(-133).
-39
Let s(v) = 967*v - 498975. Determine s(516).
-3
Let m(k) = -2*k**3 - 14*k**2 - 3*k + 214. Determine m(-7).
235
Let j(h) = -48*h**2 - 588*h + 151. Give j(-16).
-2729
Let o(w) = -57*w**2 + 3687*w - 3688. Give o(1).
-58
Let o(x) = x**2 - 2318*x + 789751. Give o(415).
6
Let f(o) = 2*o**3 + 19*o**2 - 11*o + 295. Determine f(-11).
53
Let z(p) = 155*p - 1539. What is z(10)?
11
Let a(b) = -13054*b + 143300. What is a(11)?
-294
Let z(q) = 155*q + 940. What is z(-7)?
-145
Let t(c) = 1889*c**3 - 19*c**2 - 17*c + 18. Calculate t(1).
1871
Let v(c) = 5*c**2 + 1363*c - 110521. Calculate v(-338).
5
Let a(n) = -1192*n**2 - 20257*n + 92. What is a(-17)?
-27
Let o(m) = -29*m**2 - 293*m - 754. Give o(-5).
-14
Let n(d) = -2*d**3 + 173*d**2 - 133*d + 2290. Calculate n(86).
-1752
Let u(t) = -13*t**3 + 64*t**2 + 80*t + 21. Calculate u(6).
-3
Let d(o) = o**2 + 58*o - 263348. Calculate d(485).
7
Let i(z) = 2*z**3 + 264*z**2 + 91*z + 12017. What is i(-132)?
5
Let w(q) = -q**3 + 626*q**2 + 1078*q + 111777. Calculate w(628).
-7
Let r(j) = 8*j**3 - 1104*j**2 + j - 101. Give r(138).
37
Let h(b) = 9884*b + 899426. Determine h(-91).
-18
Let z(m) = -17*m**3 + 187*m**2 + 43*m - 602. Determine z(11).
-129
Let z(x) = 5*x**3 + 117*